{"id":3,"date":"2022-07-19T07:39:03","date_gmt":"2022-07-19T07:39:03","guid":{"rendered":"https:\/\/adoptaunamascota.com.mx\/blog\/?page_id=3"},"modified":"2022-08-17T05:23:12","modified_gmt":"2022-08-17T05:23:12","slug":"privacy-policy","status":"publish","type":"page","link":"https:\/\/adoptaunamascota.com.mx\/blog\/privacy-policy\/","title":{"rendered":"Pol\u00edtica de privacidad"},"content":{"rendered":"\n<h2 class=\"wp-block-heading\">\u00bfQui\u00e9nes somos?<\/h2>\n\n\n\n<p><strong class=\"privacy-policy-tutorial\">La direcci\u00f3n de nuestra web es<\/strong>: https:\/\/adoptaunamascota.com.mx\/<\/p>\n\n\n\n<p>Email de contacto: contacto@adoptaunamascota.com.mx<\/p>\n\n\n\n<h2 class=\"wp-block-heading\">Datos personales que recogemos<\/h2>\n\n\n\n<p><strong class=\"privacy-policy-tutorial\">Comentarios: <\/strong>Cuando los visitantes dejan comentarios en la web, recopilamos los datos que se muestran en el formulario de comentarios, as\u00ed como la direcci\u00f3n IP del visitante y la cadena de agentes de usuario del navegador para ayudar a la detecci\u00f3n de spam.<\/p>\n\n\n\n<p>Una cadena an\u00f3nima creada a partir de tu direcci\u00f3n de correo electr\u00f3nico (tambi\u00e9n llamada hash) puede ser proporcionada al servicio de Gravatar para ver si la est\u00e1s usando. La pol\u00edtica de privacidad del servicio Gravatar est\u00e1 disponible aqu\u00ed: https:\/\/automattic.com\/privacy\/. Despu\u00e9s de la aprobaci\u00f3n de tu comentario, la imagen de tu perfil es visible para el p\u00fablico en el contexto de su comentario.<\/p>\n\n\n\n<h2 class=\"wp-block-heading\">Multimedia<\/h2>\n\n\n\n<p>Si subes im\u00e1genes a la web deber\u00edas evitar subir im\u00e1genes con datos de ubicaci\u00f3n (GPS EXIF) incluidos. Los visitantes de la web pueden descargar y extraer cualquier dato de localizaci\u00f3n de las im\u00e1genes de la web.<\/p>\n\n\n\n<p><strong>Formulario de contacto:<\/strong> En los formularios de contacto solo recogemos el nombre y el email del usuario. Mantenemos los env\u00edos de formularios de contacto durante un cierto per\u00edodo con fines de servicio al cliente, pero no se utiliza la informaci\u00f3n enviada a trav\u00e9s de ellos con fines de marketing.<\/p>\n\n\n\n<h2 class=\"wp-block-heading\">Cookies<\/h2>\n\n\n\n<p>Si dejas un comentario en nuestro sitio puedes elegir guardar tu nombre, direcci\u00f3n de correo electr\u00f3nico y web en cookies. Esto es para tu comodidad, para que no tengas que volver a rellenar tus datos cuando dejes otro comentario. Estas cookies tendr\u00e1n una duraci\u00f3n de un a\u00f1o.<\/p>\n\n\n\n<p>Si tienes una cuenta y te conectas a este sitio, instalaremos una cookie temporal para determinar si tu navegador acepta cookies. Esta cookie no contiene datos personales y se elimina al cerrar el navegador.<\/p>\n\n\n\n<p>Cuando inicias sesi\u00f3n, tambi\u00e9n instalaremos varias cookies para guardar tu informaci\u00f3n de inicio de sesi\u00f3n y tus opciones de visualizaci\u00f3n de pantalla. Las cookies de inicio de sesi\u00f3n duran dos d\u00edas, y las cookies de opciones de pantalla duran un a\u00f1o. Si seleccionas \u00abRecordarme\u00bb, tu inicio de sesi\u00f3n perdurar\u00e1 durante dos semanas. Si sales de tu cuenta, las cookies de inicio de sesi\u00f3n se eliminar\u00e1n.<\/p>\n\n\n\n<p>Si editas o publicas un art\u00edculo se guardar\u00e1 una cookie adicional en tu navegador. Esta cookie no incluye datos personales y simplemente indica el ID del art\u00edculo que acabas de editar. Caduca despu\u00e9s de 1 d\u00eda.<\/p>\n\n\n\n<h2 class=\"wp-block-heading\">Contenido embebido de otros sitios web<\/h2>\n\n\n\n<p>Los art\u00edculos de este sitio pueden incluir contenido incrustado (por ejemplo, v\u00eddeos, im\u00e1genes, art\u00edculos, etc.). El contenido incrustado de otras web se comporta exactamente de la misma manera que si el visitante hubiera visitado la otra web.<\/p>\n\n\n\n<p>Estas web pueden recopilar datos sobre ti, utilizar cookies, incrustar un seguimiento adicional de terceros, y supervisar tu interacci\u00f3n con ese contenido incrustado, incluido el seguimiento de su interacci\u00f3n con el contenido incrustado si tienes una cuenta y est\u00e1s conectado a esa web.<\/p>\n\n\n\n<h2 class=\"wp-block-heading\">Analytics<\/h2>\n\n\n\n<p>Los an\u00e1lisis estad\u00edsticos permiten cuantificar el n\u00famero de visitantes y analizar estad\u00edsticamente el uso que se hace de nuestros servicios. Para ello empleamos los servicios de Google Analytics, cuya pol\u00edtica de privacidad puedes consultar <a href=\"https:\/\/marketingplatform.google.com\/about\/?hl=es\" target=\"_blank\" rel=\"noreferrer noopener\">aqu\u00ed.<\/a><\/p>\n\n\n\n<h2 class=\"wp-block-heading\">\u00bfCuanto tiempo retenemos tus datos?<\/h2>\n\n\n\n<p>Si dejas un comentario, el comentario y sus metadatos se conservan indefinidamente. Esto es para que podamos reconocer y aprobar comentarios sucesivos autom\u00e1ticamente en lugar de mantenerlos en una cola de moderaci\u00f3n.<\/p>\n\n\n\n<p>De los usuarios que se registran en nuestra web (si los hay), tambi\u00e9n almacenamos la informaci\u00f3n personal que proporcionan en su perfil de usuario. Todos los usuarios pueden ver, editar o eliminar su informaci\u00f3n personal en cualquier momento (excepto que no pueden cambiar su nombre de usuario). Los administradores de la web tambi\u00e9n pueden ver y editar esa informaci\u00f3n.<\/p>\n\n\n\n<h2 class=\"wp-block-heading\">\u00bfQu\u00e9 derechos tienes sobre tus datos?<\/h2>\n\n\n\n<p>Si tienes una cuenta o has dejado comentarios en esta web, puedes solicitar recibir un archivo de exportaci\u00f3n de los datos personales que tenemos sobre ti, incluyendo cualquier dato que nos hayas proporcionado. Tambi\u00e9n puedes solicitar que eliminemos cualquier dato personal que tengamos sobre ti. Esto no incluye ning\u00fan dato que estemos obligados a conservar con fines administrativos, legales o de seguridad.<\/p>\n\n\n\n<h2 class=\"wp-block-heading\">\u00bfA d\u00f3nde enviamos tus datos?<\/h2>\n\n\n\n<p>Los comentarios de los visitantes los revisa un servicio de detecci\u00f3n autom\u00e1tica de spam llamado Akismet.<\/p>\n\n\n\n<p>Informaci\u00f3n de contacto: contacto@adoptaunamascota.com.mx<\/p>\n\n\n\n<h2 class=\"wp-block-heading\">\u00bfC\u00f3mo protegemos tus datos?<\/h2>\n\n\n\n<p>El usuario que se registra consiente expresamente que parte de sus datos sean p\u00fablicos y visibles en nuestro blog y en cualquier buscador de Internet, espec\u00edficamente su nombre y opcionalmente la informaci\u00f3n de la web que el usuario escriba, bajo su responsabilidad.<\/p>\n\n\n\n<p>El email jam\u00e1s ser\u00e1 mostrado dado que incluimos medidas t\u00e9cnicas como el cifrado.<\/p>\n\n\n\n<h2 class=\"wp-block-heading\">Aviso legal<\/h2>\n\n\n\n<p>Adopta una Mascota es un blog dedicado a divulgar art\u00edculos, as\u00ed como noticias y entretenimiento relacionado con el mundo de las mascotas, y por supuesto adopciones. Puedes contactarnos al email contacto@adoptaunamascota.com.mx<\/p>\n\n\n\n<p><strong>Objeto<\/strong>: Este blog tiene como finalidad ofrecer art\u00edculos y contenido relacionado con el mundo de las mascotas. <\/p>\n\n\n\n<p><strong>Registro<\/strong>: No es necesario ning\u00fan tipo de registro para leer nuestros art\u00edculos. Como parte del proceso de realizaci\u00f3n de comentarios o suscripci\u00f3n al blog, pediremos que se identifique con un nombre y un e-mail y opcionalmente con una p\u00e1gina web. Es decir, tan solo se requiere un nombre y un email en caso de que el usuario desee participar en la secci\u00f3n de comentarios, expresando tu opini\u00f3n personal o dudas sobre un tema. En ning\u00fan caso el e-mail facilitado ser\u00e1 visible par los otros usuarios, ni ellos podr\u00e1n contactarte a trav\u00e9s de dicho e-mail. Tan solo ser\u00e1 visible p\u00fablicamente tu nombre.<\/p>\n\n\n\n<p>Cada usuario es responsable de sus propias opiniones publicadas en este blog, que ser\u00e1n opiniones particulares, y en ning\u00fan caso representan la nuestra. Ten en cuenta que ciertos comentarios podr\u00edan no ser publicados, a nuestra discreci\u00f3n bajo determinadas circunstancias, tales como que el comentario sea insultante, ofensivo, vejatorio o inapropiado.<\/p>\n\n\n\n<p>El mero uso y registro para realizar comentarios en este portal implica la aceptaci\u00f3n de las condiciones legales y generales de uso en la versi\u00f3n publicada en cada momento. Te invitamos a revisar esta p\u00e1gina regularmente, ya que nos reservamos el derecho de modificar estas condiciones legales y de uso, sin previo aviso.<\/p>\n\n\n\n<p><strong>Derechos de Publicaci\u00f3n<\/strong>: No podr\u00e1s copiar, transmitir, modificar o vender la informaci\u00f3n publicada en Adopta una Mascota sin nuestro consentimiento escrito.<\/p>\n\n\n\n<p><strong>Contacto: <\/strong>Puedes escribirnos a contacto@adoptaunamascota.com.mx para cualquier duda o comentario.<\/p>\n\n\n\n<h1 class=\"wp-block-heading\">Pol\u00edticas de Cookies<\/h1>\n\n\n\n<p>En \u00abAdopta una Mascota\u00bb utilizamos cookies. Las cookies son archivos peque\u00f1os que se guardan en tu navegador al ingresar a este y a otros sitios web y sirven fundamentalmente para guardar las preferencias de navegaci\u00f3n del usuario y algunas funcionalidades. En las p\u00e1ginas web que requieren de registro para leer sus art\u00edculos (no es nuestro caso), las cookies tambi\u00e9n servir\u00edan para recordar los datos del usuario, su nombre y contrase\u00f1a, sin necesidad de volver a escribirlos.<\/p>\n\n\n\n<h2 class=\"wp-block-heading\">\u00bfPara qu\u00e9 sirven las Cookies?<\/h2>\n\n\n\n<p>Las cookies son \u00fatiles y se emplean en casi todos los sitios web, porque permiten que un sitio web te recuerde.<\/p>\n\n\n\n<p>Por ejemplo, las cookies recuerdan algunos detalles de tus preferencias en la navegaci\u00f3n, y tambi\u00e9n juntan informaci\u00f3n estad\u00edstica sobre qu\u00e9 art\u00edculos ven los usuarios y ayudan a personalizar la publicidad que se les muestra, ajust\u00e1ndose a sus intereses. Por este motivo puede ocurrir que hayamos buscado informaci\u00f3n en Google sobre una ciudad, y en la siguiente web que visitemos nos puede aparecer un anuncio de hoteles en esa ciudad. Esto ser\u00eda un ejemplo de una utilidad de las cookies.<\/p>\n\n\n\n<p>Sin embargo, aunque veas un art\u00edculo nuestro y lo identifiques completamente con Adopta una Mascota, algunas partes de nuestra p\u00e1gina no son nuestras, espec\u00edficamente los bloques de anuncios, que son operados por empresas especializadas de publicidad. Asimismo los botones \u201cMe gusta\u201d de Facebook, est\u00e1n operados por Facebook. Si al dar un \u201cMe gusta\u201d a nuestra p\u00e1gina de Facebook observas que tu usuario est\u00e1 ya logueado, en realidad no somos nosotros quienes tenemos esas cookies, sino el propio Facebook. Adopta una Mascota no tiene, ni guarda ning\u00fan tipo de informaci\u00f3n sobre tus cuentas de Facebook, Twitter, ni otra red social. Esto se llama cookies de terceros.<\/p>\n\n\n\n<p>Es decir, si navegas por Internet con tu sesi\u00f3n de Facebook abierta, ser\u00e1 Facebook quien sabr\u00e1 qu\u00e9 p\u00e1ginas has visitado que incluyen el bot\u00f3n \u201cMe gusta\u201d.<\/p>\n\n\n\n<h2 class=\"wp-block-heading\">\u00bfPara qu\u00e9 usamos cookies en Adopta una Mascota?<\/h2>\n\n\n\n<p>Navegar por este sitio supone que se puedan instalar los siguientes tipos de cookies:<\/p>\n\n\n\n<ul class=\"wp-block-list\"><li><strong>An\u00e1lisis estad\u00edstico:<\/strong>&nbsp;Permiten cuantificar el n\u00famero de visitantes y analizar estad\u00edsticamente el uso que haces de nuestros servicios. Para ellos empleamos los servicios de Google analytics, cuya pol\u00edtica de privacidad puedes consultar&nbsp;<a rel=\"noreferrer noopener\" href=\"https:\/\/www.google.com\/analytics\/learn\/privacy.html?hl=es\" target=\"_blank\">aqu\u00ed<\/a>.<\/li><li><strong>Redes sociales:<\/strong>&nbsp;En casi todas nuestras p\u00e1ginas hay enlaces para compartir la informaci\u00f3n en redes sociales, tales como Facebook, Twitter, Instagram o WhatsApp que usan sus propias cookies para identificarte.<\/li><li>Permiten la gesti\u00f3n de espacios publicitarios, evitando mostrar anuncios duplicados, o mostrando anuncios que puedan ser relevantes para ti. Para ello utilizamos servicios de Google como Adsense. Algunas de ellas pueden incorporar redes publicitarias de terceros que a su vez empleen cookies. Puedes consultar sus pol\u00edticas de privacidad.<\/li><li><strong>Preferencias de herramientas<\/strong>: Se trata de cookies que conservan las preferencias del usuario para ciertos servicios o herramientas, de forma que no haya que reconfigurarlos cada vez que entres a Adopta una Mascota y que a veces son aportadas por terceros, como es el caso de Youtube que, por ejemplo, recuerda a qu\u00e9 volumen prefieres escuchar los v\u00eddeos.<\/li><\/ul>\n\n\n\n<h2 class=\"wp-block-heading\">\u00bfC\u00f3mo bloquear las cookies?<\/h2>\n\n\n\n<p>Algunos servicios de publicidad ven qu\u00e9 p\u00e1ginas has visitado para mostrarte anuncios relacionados. Esto se hace sin identificar al usuario personalmente (es decir, no conocen tu nombre, ni tus datos personales). No obstante si esto te preocupa, puedes desactivar las cookies de terceros de tu navegador. A continuaci\u00f3n, te explicamos como.<\/p>\n\n\n\n<p>Si no deseas que se guarden cookies en tu navegador o prefieres recibir una informaci\u00f3n cada vez que una cookie solicite instalarse, puedes configurar tus opciones de navegaci\u00f3n para que se haga de esa forma. La mayor parte de los navegadores permiten la gesti\u00f3n de las cookies de tres formas diferentes:<\/p>\n\n\n\n<ul class=\"wp-block-list\"><li>Las cookies son siempre rechazadas.<\/li><li>El navegador pregunta si el usuario desea instalar cada cookie.<\/li><li>Las cookies son siempre aceptadas.<\/li><\/ul>\n\n\n\n<p>Los ajustes de cada uno de los navegadores puedes encontrarlas en la opci\u00f3n de configuraci\u00f3n de cada uno.<\/p>\n\n\n\n<p>Si continuas navegando en este sitio web y no realizas ninguna modificaci\u00f3n entendemos que aceptas nuestra pol\u00edtica de cookies. Al utilizar este sitio web, das tu consentimiento al Uso de Cookies en la forma y para los fines arriba indicados.<\/p>\n\n\n\n<p>Si deseas contactarnos en referencia a nuestra pol\u00edtica de cookies, escribe a contacto@adoptaunamascota.com.mx<\/p>\n\n\n\n<p>Te invitamos a revisar esta p\u00e1gina regularmente, ya que nos reservamos el derecho de modificar estas condiciones legales y de uso, sin previo aviso.<\/p>\n","protected":false},"excerpt":{"rendered":"<p>\u00bfQui\u00e9nes somos? La direcci\u00f3n de nuestra web es: https:\/\/adoptaunamascota.com.mx\/ Email de contacto: contacto@adoptaunamascota.com.mx Datos personales que recogemos Comentarios: Cuando los visitantes dejan comentarios en la<\/p>\n","protected":false},"author":1,"featured_media":0,"parent":0,"menu_order":0,"comment_status":"closed","ping_status":"open","template":"","meta":{"footnotes":""},"class_list":["post-3","page","type-page","status-publish","hentry"],"yoast_head":"<!-- This site is optimized with the Yoast SEO plugin v27.4 - https:\/\/yoast.com\/product\/yoast-seo-wordpress\/ -->\n<title>Pol\u00edtica de privacidad - Adopta una Mascota<\/title>\n<meta name=\"robots\" content=\"index, follow, max-snippet:-1, max-image-preview:large, max-video-preview:-1\" \/>\n<link rel=\"canonical\" href=\"https:\/\/adoptaunamascota.com.mx\/blog\/privacy-policy\/\" \/>\n<meta property=\"og:locale\" content=\"es_ES\" \/>\n<meta property=\"og:type\" content=\"article\" \/>\n<meta property=\"og:title\" content=\"Pol\u00edtica de privacidad - Adopta una Mascota\" \/>\n<meta property=\"og:description\" content=\"\u00bfQui\u00e9nes somos? La direcci\u00f3n de nuestra web es: https:\/\/adoptaunamascota.com.mx\/ Email de contacto: contacto@adoptaunamascota.com.mx Datos personales que recogemos Comentarios: Cuando los visitantes dejan comentarios en la\" \/>\n<meta property=\"og:url\" content=\"https:\/\/adoptaunamascota.com.mx\/blog\/privacy-policy\/\" \/>\n<meta property=\"og:site_name\" content=\"Adopta una Mascota\" \/>\n<meta property=\"article:publisher\" content=\"https:\/\/www.facebook.com\/mascotamx\" \/>\n<meta property=\"article:modified_time\" content=\"2022-08-17T05:23:12+00:00\" \/>\n<meta property=\"og:image\" content=\"https:\/\/adoptaunamascota.com.mx\/blog\/wp-content\/uploads\/2022\/08\/pexels-lumn-406014.jpg\" \/>\n\t<meta property=\"og:image:width\" content=\"640\" \/>\n\t<meta property=\"og:image:height\" content=\"427\" \/>\n\t<meta property=\"og:image:type\" content=\"image\/jpeg\" \/>\n<meta name=\"twitter:card\" content=\"summary_large_image\" \/>\n<meta name=\"twitter:site\" content=\"@mascotamx\" \/>\n<meta name=\"twitter:label1\" content=\"Tiempo de lectura\" \/>\n\t<meta name=\"twitter:data1\" content=\"9 minutos\" \/>\n<script type=\"application\/ld+json\" class=\"yoast-schema-graph\">{\"@context\":\"https:\\\/\\\/schema.org\",\"@graph\":[{\"@type\":\"WebPage\",\"@id\":\"https:\\\/\\\/adoptaunamascota.com.mx\\\/blog\\\/privacy-policy\\\/\",\"url\":\"https:\\\/\\\/adoptaunamascota.com.mx\\\/blog\\\/privacy-policy\\\/\",\"name\":\"Pol\u00edtica de privacidad - Adopta una Mascota\",\"isPartOf\":{\"@id\":\"https:\\\/\\\/adoptaunamascota.com.mx\\\/blog\\\/#website\"},\"datePublished\":\"2022-07-19T07:39:03+00:00\",\"dateModified\":\"2022-08-17T05:23:12+00:00\",\"breadcrumb\":{\"@id\":\"https:\\\/\\\/adoptaunamascota.com.mx\\\/blog\\\/privacy-policy\\\/#breadcrumb\"},\"inLanguage\":\"es\",\"potentialAction\":[{\"@type\":\"ReadAction\",\"target\":[\"https:\\\/\\\/adoptaunamascota.com.mx\\\/blog\\\/privacy-policy\\\/\"]}]},{\"@type\":\"BreadcrumbList\",\"@id\":\"https:\\\/\\\/adoptaunamascota.com.mx\\\/blog\\\/privacy-policy\\\/#breadcrumb\",\"itemListElement\":[{\"@type\":\"ListItem\",\"position\":1,\"name\":\"Portada\",\"item\":\"https:\\\/\\\/adoptaunamascota.com.mx\\\/blog\\\/\"},{\"@type\":\"ListItem\",\"position\":2,\"name\":\"Pol\u00edtica de privacidad\"}]},{\"@type\":\"WebSite\",\"@id\":\"https:\\\/\\\/adoptaunamascota.com.mx\\\/blog\\\/#website\",\"url\":\"https:\\\/\\\/adoptaunamascota.com.mx\\\/blog\\\/\",\"name\":\"Adopta una Mascota\",\"description\":\"El Blog\",\"publisher\":{\"@id\":\"https:\\\/\\\/adoptaunamascota.com.mx\\\/blog\\\/#organization\"},\"potentialAction\":[{\"@type\":\"SearchAction\",\"target\":{\"@type\":\"EntryPoint\",\"urlTemplate\":\"https:\\\/\\\/adoptaunamascota.com.mx\\\/blog\\\/?s={search_term_string}\"},\"query-input\":{\"@type\":\"PropertyValueSpecification\",\"valueRequired\":true,\"valueName\":\"search_term_string\"}}],\"inLanguage\":\"es\"},{\"@type\":\"Organization\",\"@id\":\"https:\\\/\\\/adoptaunamascota.com.mx\\\/blog\\\/#organization\",\"name\":\"Adopta una Mascota\",\"url\":\"https:\\\/\\\/adoptaunamascota.com.mx\\\/blog\\\/\",\"logo\":{\"@type\":\"ImageObject\",\"inLanguage\":\"es\",\"@id\":\"https:\\\/\\\/adoptaunamascota.com.mx\\\/blog\\\/#\\\/schema\\\/logo\\\/image\\\/\",\"url\":\"https:\\\/\\\/adoptaunamascota.com.mx\\\/blog\\\/wp-content\\\/uploads\\\/2022\\\/08\\\/cropped-logo4.png\",\"contentUrl\":\"https:\\\/\\\/adoptaunamascota.com.mx\\\/blog\\\/wp-content\\\/uploads\\\/2022\\\/08\\\/cropped-logo4.png\",\"width\":564,\"height\":146,\"caption\":\"Adopta una Mascota\"},\"image\":{\"@id\":\"https:\\\/\\\/adoptaunamascota.com.mx\\\/blog\\\/#\\\/schema\\\/logo\\\/image\\\/\"},\"sameAs\":[\"https:\\\/\\\/www.facebook.com\\\/mascotamx\",\"https:\\\/\\\/x.com\\\/mascotamx\",\"https:\\\/\\\/www.instagram.com\\\/mascotamx\\\/\"]}]}<\/script>\n<!-- \/ Yoast SEO plugin. -->","yoast_head_json":{"title":"Pol\u00edtica de privacidad - Adopta una Mascota","robots":{"index":"index","follow":"follow","max-snippet":"max-snippet:-1","max-image-preview":"max-image-preview:large","max-video-preview":"max-video-preview:-1"},"canonical":"https:\/\/adoptaunamascota.com.mx\/blog\/privacy-policy\/","og_locale":"es_ES","og_type":"article","og_title":"Pol\u00edtica de privacidad - Adopta una Mascota","og_description":"\u00bfQui\u00e9nes somos? La direcci\u00f3n de nuestra web es: https:\/\/adoptaunamascota.com.mx\/ Email de contacto: contacto@adoptaunamascota.com.mx Datos personales que recogemos Comentarios: Cuando los visitantes dejan comentarios en la","og_url":"https:\/\/adoptaunamascota.com.mx\/blog\/privacy-policy\/","og_site_name":"Adopta una Mascota","article_publisher":"https:\/\/www.facebook.com\/mascotamx","article_modified_time":"2022-08-17T05:23:12+00:00","og_image":[{"width":640,"height":427,"url":"https:\/\/adoptaunamascota.com.mx\/blog\/wp-content\/uploads\/2022\/08\/pexels-lumn-406014.jpg","type":"image\/jpeg"}],"twitter_card":"summary_large_image","twitter_site":"@mascotamx","twitter_misc":{"Tiempo de lectura":"9 minutos"},"schema":{"@context":"https:\/\/schema.org","@graph":[{"@type":"WebPage","@id":"https:\/\/adoptaunamascota.com.mx\/blog\/privacy-policy\/","url":"https:\/\/adoptaunamascota.com.mx\/blog\/privacy-policy\/","name":"Pol\u00edtica de privacidad - Adopta una Mascota","isPartOf":{"@id":"https:\/\/adoptaunamascota.com.mx\/blog\/#website"},"datePublished":"2022-07-19T07:39:03+00:00","dateModified":"2022-08-17T05:23:12+00:00","breadcrumb":{"@id":"https:\/\/adoptaunamascota.com.mx\/blog\/privacy-policy\/#breadcrumb"},"inLanguage":"es","potentialAction":[{"@type":"ReadAction","target":["https:\/\/adoptaunamascota.com.mx\/blog\/privacy-policy\/"]}]},{"@type":"BreadcrumbList","@id":"https:\/\/adoptaunamascota.com.mx\/blog\/privacy-policy\/#breadcrumb","itemListElement":[{"@type":"ListItem","position":1,"name":"Portada","item":"https:\/\/adoptaunamascota.com.mx\/blog\/"},{"@type":"ListItem","position":2,"name":"Pol\u00edtica de privacidad"}]},{"@type":"WebSite","@id":"https:\/\/adoptaunamascota.com.mx\/blog\/#website","url":"https:\/\/adoptaunamascota.com.mx\/blog\/","name":"Adopta una Mascota","description":"El Blog","publisher":{"@id":"https:\/\/adoptaunamascota.com.mx\/blog\/#organization"},"potentialAction":[{"@type":"SearchAction","target":{"@type":"EntryPoint","urlTemplate":"https:\/\/adoptaunamascota.com.mx\/blog\/?s={search_term_string}"},"query-input":{"@type":"PropertyValueSpecification","valueRequired":true,"valueName":"search_term_string"}}],"inLanguage":"es"},{"@type":"Organization","@id":"https:\/\/adoptaunamascota.com.mx\/blog\/#organization","name":"Adopta una Mascota","url":"https:\/\/adoptaunamascota.com.mx\/blog\/","logo":{"@type":"ImageObject","inLanguage":"es","@id":"https:\/\/adoptaunamascota.com.mx\/blog\/#\/schema\/logo\/image\/","url":"https:\/\/adoptaunamascota.com.mx\/blog\/wp-content\/uploads\/2022\/08\/cropped-logo4.png","contentUrl":"https:\/\/adoptaunamascota.com.mx\/blog\/wp-content\/uploads\/2022\/08\/cropped-logo4.png","width":564,"height":146,"caption":"Adopta una Mascota"},"image":{"@id":"https:\/\/adoptaunamascota.com.mx\/blog\/#\/schema\/logo\/image\/"},"sameAs":["https:\/\/www.facebook.com\/mascotamx","https:\/\/x.com\/mascotamx","https:\/\/www.instagram.com\/mascotamx\/"]}]}},"_links":{"self":[{"href":"https:\/\/adoptaunamascota.com.mx\/blog\/wp-json\/wp\/v2\/pages\/3","targetHints":{"allow":["GET"]}}],"collection":[{"href":"https:\/\/adoptaunamascota.com.mx\/blog\/wp-json\/wp\/v2\/pages"}],"about":[{"href":"https:\/\/adoptaunamascota.com.mx\/blog\/wp-json\/wp\/v2\/types\/page"}],"author":[{"embeddable":true,"href":"https:\/\/adoptaunamascota.com.mx\/blog\/wp-json\/wp\/v2\/users\/1"}],"replies":[{"embeddable":true,"href":"https:\/\/adoptaunamascota.com.mx\/blog\/wp-json\/wp\/v2\/comments?post=3"}],"version-history":[{"count":5,"href":"https:\/\/adoptaunamascota.com.mx\/blog\/wp-json\/wp\/v2\/pages\/3\/revisions"}],"predecessor-version":[{"id":126,"href":"https:\/\/adoptaunamascota.com.mx\/blog\/wp-json\/wp\/v2\/pages\/3\/revisions\/126"}],"wp:attachment":[{"href":"https:\/\/adoptaunamascota.com.mx\/blog\/wp-json\/wp\/v2\/media?parent=3"}],"curies":[{"name":"wp","href":"https:\/\/api.w.org\/{rel}","templated":true}]}}